 of 5576 and 9061.
697
What is the highest common divisor of 158211 and 3?
3
What is the highest common divisor of 9841 and 637?
13
What is the highest common factor of 34 and 168096?
34
What is the greatest common factor of 123592 and 112?
56
What is the greatest common factor of 38494 and 3154?
38
Calculate the greatest common factor of 165 and 183810.
165
What is the greatest common factor of 68 and 13226?
34
Calculate the greatest common divisor of 2627 and 221852.
37
What is the highest common factor of 22 and 60390?
22
What is the highest common factor of 129013 and 85?
17
Calculate the greatest common factor of 25704 and 68391.
459
What is the highest common divisor of 7 and 63623?
7
What is the greatest common factor of 17 and 1268897?
17
What is the greatest common factor of 1907047 and 1678?
839
Calculate the highest common divisor of 56 and 722704.
8
What is the highest common divisor of 1024402 and 514?
514
Calculate the highest common divisor of 15990 and 455.
65
Calculate the greatest common divisor of 9 and 1227186.
9
What is the greatest common divisor of 370 and 10360?
370
What is the greatest common divisor of 54 and 68553?
27
Calculate the greatest common factor of 3791 and 544.
17
Calculate the greatest common divisor of 3027956 and 155.
31
Calculate the highest common divisor of 67732 and 2050.
82
What is the greatest common divisor of 1750 and 6250?
250
What is the highest common factor of 135 and 278505?
135
What is the greatest common divisor of 41142 and 102?
6
Calculate the highest common factor of 440 and 2848.
8
Calculate the greatest common divisor of 3103 and 39701.
29
What is the greatest common divisor of 199675 and 1025?
25
Calculate the greatest common factor of 10272 and 134178.
642
Calculate the greatest common factor of 4102 and 32.
2
What is the highest common factor of 45809 and 76?
19
What is the highest common factor of 44681 and 182?
91
What is the highest common factor of 39 and 342?
3
What is the greatest common factor of 20016 and 48?
48
What is the greatest common divisor of 2068822 and 42?
14
Calculate the greatest common factor of 112 and 166544.
112
Calculate the greatest common divisor of 39 and 273039.
39
Calculate the greatest common factor of 621 and 927.
9
What is the highest common divisor of 38363 and 2366?
169
Calculate the greatest common divisor of 72 and 42246.
18
What is the highest common divisor of 5095724 and 228?
76
Calculate the greatest common factor of 185 and 703555.
185
Calculate the highest common divisor of 219570 and 60.
30
What is the highest common divisor of 231 and 60049?
11
What is the highest common factor of 63873 and 2115?
423
What is the highest common divisor of 156 and 111150?
78
What is the greatest common factor of 1584 and 113796?
36
Calculate the highest common divisor of 85 and 1840.
5
Calculate the greatest common factor of 1680 and 119360.
80
Calculate the greatest common divisor of 7324 and 327749.
1831
Calculate the greatest common factor of 3270751 and 121.
121
What is the greatest common divisor of 143 and 1189474?
143
What is the greatest common divisor of 21 and 2811389?
7
What is the highest common factor of 568 and 71?
71
Calculate the highest common divisor of 2132 and 8476.
52
Calculate the greatest common factor of 132 and 778448.
44
Calculate the greatest common factor of 51056 and 48.
16
Calculate the highest common divisor of 553735 and 7302.
1217
What is the greatest common factor of 121399 and 438?
73
What is the greatest common factor of 23002 and 3658?
62
Calculate the highest common factor of 48 and 1464.
24
Calculate the highest common divisor of 165 and 2502445.
55
What is the highest common divisor of 219 and 182646?
219
Calculate the highest common divisor of 7 and 18137.
7
Calculate the highest common factor of 59 and 633601.
59
Calculate the highest common divisor of 492 and 2868.
12
Calculate the highest common divisor of 215 and 4945.
215
Calculate the highest common factor of 10472 and 328712.
136
What is the highest common divisor of 3800 and 45380?
20
Calculate the highest common factor of 72137 and 10881.
403
What is the greatest common divisor of 248363 and 7281?
809
Calculate the highest common divisor of 1074 and 654.
6
What is the greatest common divisor of 1097190 and 90?
90
What is the greatest common factor of 3322905 and 1020?
255
Calculate the greatest common divisor of 6174 and 151851.
147
Calculate the greatest common factor of 37101 and 11175.
447
What is the highest common divisor of 1669304 and 260?
52
What is the greatest common factor of 8165 and 253?
23
What is the greatest common factor of 11 and 179311?
11
What is the highest common divisor of 424 and 2602088?
424
What is the highest common factor of 63136 and 544?
32
Calculate the highest common factor of 1225 and 1905925.
175
What is the highest common divisor of 4 and 7346?
2
What is the greatest common divisor of 3951178 and 77?
77
What is the highest common divisor of 187 and 128997?
11
What is the greatest common divisor of 82994 and 1020?
34
What is the highest common divisor of 2727 and 7263?
27
Calculate the highest common divisor of 93 and 68851.
31
What is the greatest common divisor of 49780 and 950?
190
Calculate the highest common factor of 6467 and 22523.
223
Calculate the greatest common divisor of 140 and 36435.
35
What is the greatest common factor of 20 and 429780?
20
Calculate the highest common divisor of 34248 and 372.
12
Calculate the greatest common divisor of 1120 and 10800.
80
What is the greatest common factor of 1892800 and 70?
70
Calculate the greatest common factor of 8 and 63464.
8
Calculate the highest common factor of 8441 and 161.
23
What is the highest common divisor of 96459 and 117216?
1221
Calculate the greatest common divisor of 1024 and 611456.
128
Calculate the highest common factor of 13 and 1753973.
13
Calculate the highest common factor of 21 and 3102.
3
What is the highest common divisor of 13536 and 612?
36
What is the greatest common divisor of 2201 and 17963?
71
Calculate the greatest common divisor of 2690750 and 500.
250
Calculate the greatest common divisor of 833 and 763.
7
Calculate the greatest common factor of 832 and 43979.
13
Calculate the highest common factor of 15789 and 456.
57
What is the greatest common divisor of 18 and 1954?
2
What is the greatest common factor of 759 and 88539?
33
What is the highest common factor of 10 and 66530?
10
What is the highest common divisor of 1 and 2819?
1
Calculate the highest common factor of 35466 and 414.
138
What is the highest common factor of 30067 and 4280?
107
Calculate the greatest common factor of 2033 and 2831.
19
What is the greatest common factor of 1037555 and 15?
5
What is the greatest common divisor of 14 and 109872?
14
Calculate the greatest common factor of 12 and 3684.
12
Calculate the highest common factor of 1275 and 44115.
255
What is the greatest common factor of 11 and 5940869?
11
Calculate the highest common divisor of 112 and 102872.
56
What is the highest common divisor of 31414 and 15012?
278
Calculate the highest common divisor of 95 and 50540.
95
What is the greatest common factor of 320 and 14272?
64
Calculate the highest common divisor of 13936 and 89512.
536
What is the highest common factor of 268 and 141236?
268
Calculate the highest common factor of 30 and 2224830.
30
Calculate the highest common divisor of 528 and 18688.
16
What is the highest common factor of 1972 and 3596?
116
What is the highest common factor of 19840 and 465?
155
What is the highest common divisor of 1153427 and 1551?
517
Calculate the highest common divisor of 25085 and 21895.
145
What is the highest common factor of 14336 and 784?
112
Calculate the greatest common divisor of 3156911 and 58.
29
What is the greatest common factor of 11824 and 112?
16
Calculate the highest common divisor of 18 and 85851.
9
What is the greatest common factor of 106876 and 616?
308
What is the highest common factor of 1500 and 101400?
300
Calculate the greatest common factor of 1459627 and 13.
13
What is the greatest common factor of 320 and 13190?
10
Calculate the greatest common factor of 104 and 78754.
26
What is the greatest common divisor of 580 and 1780?
20
Calcu